{"id":163,"date":"2013-09-23T22:32:03","date_gmt":"2013-09-23T20:32:03","guid":{"rendered":"http:\/\/www.borchardconsult.com\/?page_id=163"},"modified":"2013-10-02T13:33:57","modified_gmt":"2013-10-02T11:33:57","slug":"wissensmanagement","status":"publish","type":"page","link":"https:\/\/www.borchardconsult.com\/?page_id=163","title":{"rendered":"Wissensmanagement"},"content":{"rendered":"<p><a href=\"https:\/\/www.borchardconsult.com\/wp-content\/uploads\/2013\/09\/Dreieck_Petrol_18tr.png\"><img loading=\"lazy\" decoding=\"async\" class=\"alignleft size-full wp-image-214\" alt=\"Dreieck_Petrol_18tr\" src=\"https:\/\/www.borchardconsult.com\/wp-content\/uploads\/2013\/09\/Dreieck_Petrol_18tr.png\" width=\"17\" height=\"18\" \/><\/a>Praktisch jedes Unternehmen hat bereits mehrere \u201eWissensmanagementsysteme\u201c im weitesten Sinn im Einsatz, sei es eine Kundendatenbank oder ein Netzwerklaufwerk mit Windows-Volltextsuche. In den meisten F\u00e4llen sind dies allerdings nicht aufeinander abgestimmte L\u00f6sungen, die zudem nur wenigen Mitarbeitern bekannt sind.<br \/>\nEine Abstimmung und Erg\u00e4nzung der verschiedenen Werkzeuge bietet die Gelegenheit, mit einfachen Mitteln den Umgang mit Wissen zu professionalisieren und so die Produktivit\u00e4t zu steigern.<\/p>\n<p><a href=\"https:\/\/www.borchardconsult.com\/wp-content\/uploads\/2013\/09\/Dreieck_Petrol_18tr.png\"><img loading=\"lazy\" decoding=\"async\" class=\"alignleft size-full wp-image-214\" alt=\"Dreieck_Petrol_18tr\" src=\"https:\/\/www.borchardconsult.com\/wp-content\/uploads\/2013\/09\/Dreieck_Petrol_18tr.png\" width=\"17\" height=\"18\" \/><\/a>Ein ver\u00e4nderter Umgang mit Wissen bedarf einer Ver\u00e4nderung in der Unternehmenskultur &#8211; Programme wie <a title=\"Wiki\" href=\"https:\/\/www.borchardconsult.com\/?page_id=177\">Wikis<\/a> oder ein Dokumentenmanagement-System sind immer nur Hilfsmittel f\u00fcr die Mitarbeiter. Um Produktivit\u00e4t durch den besseren Umgang mit Wissen zu erh\u00f6hen, sollten die sp\u00e4teren Anwender daher schon bei der Problemdefinition und der L\u00f6sungsentwicklung mit einbezogen werden.<\/p>\n<p><a title=\"Unsere Leistungen: Wissensmanagement\" href=\"https:\/\/www.borchardconsult.com\/?page_id=192\"><img loading=\"lazy\" decoding=\"async\" class=\"alignleft size-full wp-image-214\" alt=\"Dreieck_Petrol_18tr\" src=\"https:\/\/www.borchardconsult.com\/wp-content\/uploads\/2013\/09\/Dreieck_Petrol_18tr.png\" width=\"17\" height=\"18\" \/><strong>zu unseren Leistungen<\/strong><\/a><\/p>\n<p>&nbsp;<\/p>\n","protected":false},"excerpt":{"rendered":"<p>Praktisch jedes Unternehmen hat bereits mehrere \u201eWissensmanagementsysteme\u201c im weitesten Sinn im Einsatz, sei es eine Kundendatenbank oder ein Netzwerklaufwerk mit Windows-Volltextsuche. In den meisten F\u00e4llen sind dies allerdings nicht aufeinander abgestimmte L\u00f6sungen, die zudem nur wenigen Mitarbeitern bekannt sind. Eine Abstimmung und Erg\u00e4nzung der verschiedenen Werkzeuge bietet die Gelegenheit, mit einfachen Mitteln den Umgang mit [&hellip;]<\/p>\n","protected":false},"author":1,"featured_media":0,"parent":9,"menu_order":1,"comment_status":"closed","ping_status":"closed","template":"","meta":{"footnotes":""},"class_list":["post-163","page","type-page","status-publish","hentry"],"_links":{"self":[{"href":"https:\/\/www.borchardconsult.com\/index.php?rest_route=\/wp\/v2\/pages\/163"}],"collection":[{"href":"https:\/\/www.borchardconsult.com\/index.php?rest_route=\/wp\/v2\/pages"}],"about":[{"href":"https:\/\/www.borchardconsult.com\/index.php?rest_route=\/wp\/v2\/types\/page"}],"author":[{"embeddable":true,"href":"https:\/\/www.borchardconsult.com\/index.php?rest_route=\/wp\/v2\/users\/1"}],"replies":[{"embeddable":true,"href":"https:\/\/www.borchardconsult.com\/index.php?rest_route=%2Fwp%2Fv2%2Fcomments&post=163"}],"version-history":[{"count":7,"href":"https:\/\/www.borchardconsult.com\/index.php?rest_route=\/wp\/v2\/pages\/163\/revisions"}],"predecessor-version":[{"id":314,"href":"https:\/\/www.borchardconsult.com\/index.php?rest_route=\/wp\/v2\/pages\/163\/revisions\/314"}],"up":[{"embeddable":true,"href":"https:\/\/www.borchardconsult.com\/index.php?rest_route=\/wp\/v2\/pages\/9"}],"wp:attachment":[{"href":"https:\/\/www.borchardconsult.com\/index.php?rest_route=%2Fwp%2Fv2%2Fmedia&parent=163"}],"curies":[{"name":"wp","href":"https:\/\/api.w.org\/{rel}","templated":true}]}}