{"id":182,"date":"2013-09-23T23:19:21","date_gmt":"2013-09-23T21:19:21","guid":{"rendered":"http:\/\/www.borchardconsult.com\/?page_id=182"},"modified":"2019-09-27T11:27:08","modified_gmt":"2019-09-27T09:27:08","slug":"marktdaten-und-vendoren","status":"publish","type":"page","link":"https:\/\/www.borchardconsult.com\/?page_id=182","title":{"rendered":"Marktdaten- und Vendorenmanagement"},"content":{"rendered":"<p><a href=\"https:\/\/www.borchardconsult.com\/wp-content\/uploads\/2013\/09\/Dreieck_Petrol_18tr.png\"><img loading=\"lazy\" decoding=\"async\" class=\"alignleft size-full wp-image-214\" src=\"https:\/\/www.borchardconsult.com\/wp-content\/uploads\/2013\/09\/Dreieck_Petrol_18tr.png\" alt=\"Dreieck_Petrol_18tr\" width=\"17\" height=\"18\" \/><\/a>Finanzdienstleister brauchen Marktdaten &#8211; je nach Spezialisierung Tagesschlusskurse f\u00fcr die Bewertungen von Wertpapieren, millisekundengenaue Echtzeitkurse f\u00fcr Handelssysteme, Rating-Daten zur Einsch\u00e4tzung der Bonit\u00e4t von Investments. Meist sind die Vertr\u00e4ge zum Bezug solcher Daten historisch aus den Anspr\u00fcchen von Fachabteilungen (Wertpapierhandel, Depotbankbereich, Risikosteuerung etc.) gewachsen und nirgendwo komplett erfasst \u2013 mit der Konsequenz, dass im ung\u00fcnstigsten Fall bestimmte Daten doppelt oder dreifach bezahlt werden.<\/p>\n<p><a href=\"https:\/\/www.borchardconsult.com\/wp-content\/uploads\/2013\/09\/Dreieck_Petrol_18tr.png\"><img loading=\"lazy\" decoding=\"async\" class=\"alignleft size-full wp-image-214\" src=\"https:\/\/www.borchardconsult.com\/wp-content\/uploads\/2013\/09\/Dreieck_Petrol_18tr.png\" alt=\"Dreieck_Petrol_18tr\" width=\"17\" height=\"18\" \/><\/a>Regulatorische Anforderungen (Basel II, III etc.) f\u00fchren \u00fcberdies dazu, dass immer mehr Gesch\u00e4ftsprozesse mit immer mehr eingekauften Daten unterlegt werden m\u00fcssen. Hier liegt meist ein gro\u00dfes Einsparpotenzial verborgen, welches durch ein professionelles Datenmanagement gehoben werden kann.<\/p>\n<p><a href=\"https:\/\/www.borchardconsult.com\/wp-content\/uploads\/2013\/09\/Dreieck_Petrol_18tr.png\"><img loading=\"lazy\" decoding=\"async\" class=\"alignleft size-full wp-image-214\" src=\"https:\/\/www.borchardconsult.com\/wp-content\/uploads\/2013\/09\/Dreieck_Petrol_18tr.png\" alt=\"Dreieck_Petrol_18tr\" width=\"17\" height=\"18\" \/><\/a>Neben Banken sind zunehmend auch Versicherungen betroffen, die seit Solvency II vor komplett neuen Herausforderungen an das Marktdatenmanagement stehen. Es gibt unterschiedliche Wege, diese Probleme zu l\u00f6sen, diese reichen vom Outsourcing an externe Dienstleister, an andere Firmen im gleichen Konzern oder die Depotbank bis hin zum Aufbau einer eigenen Datenhaltung. Wir bieten zusammen mit <a title=\"Wer?\" href=\"https:\/\/www.borchardconsult.com\/?page_id=29#netzwerk\">unseren Partnern<\/a> eine kompetente Begleitung bei entsprechenden Entscheidungen und bei dem Einstieg in die Marktdatenverarbeitung an.<\/p>\n<p><a href=\"https:\/\/www.borchardconsult.com\/wp-content\/uploads\/2013\/09\/Dreieck_Petrol_18tr.png\"><img loading=\"lazy\" decoding=\"async\" class=\"alignleft size-full wp-image-214\" src=\"https:\/\/www.borchardconsult.com\/wp-content\/uploads\/2013\/09\/Dreieck_Petrol_18tr.png\" alt=\"Dreieck_Petrol_18tr\" width=\"17\" height=\"18\" \/><\/a><a title=\"Unsere Leistungen: Marktdaten- und Vendorenmanagement\" href=\"https:\/\/www.borchardconsult.com\/?page_id=241\"><strong>zu unseren Leistungen<\/strong><\/a><\/p>\n","protected":false},"excerpt":{"rendered":"<p>Finanzdienstleister brauchen Marktdaten &#8211; je nach Spezialisierung Tagesschlusskurse f\u00fcr die Bewertungen von Wertpapieren, millisekundengenaue Echtzeitkurse f\u00fcr Handelssysteme, Rating-Daten zur Einsch\u00e4tzung der Bonit\u00e4t von Investments. Meist sind die Vertr\u00e4ge zum Bezug solcher Daten historisch aus den Anspr\u00fcchen von Fachabteilungen (Wertpapierhandel, Depotbankbereich, Risikosteuerung etc.) gewachsen und nirgendwo komplett erfasst \u2013 mit der Konsequenz, dass im ung\u00fcnstigsten Fall [&hellip;]<\/p>\n","protected":false},"author":1,"featured_media":0,"parent":9,"menu_order":2,"comment_status":"closed","ping_status":"closed","template":"","meta":{"footnotes":""},"class_list":["post-182","page","type-page","status-publish","hentry"],"_links":{"self":[{"href":"https:\/\/www.borchardconsult.com\/index.php?rest_route=\/wp\/v2\/pages\/182"}],"collection":[{"href":"https:\/\/www.borchardconsult.com\/index.php?rest_route=\/wp\/v2\/pages"}],"about":[{"href":"https:\/\/www.borchardconsult.com\/index.php?rest_route=\/wp\/v2\/types\/page"}],"author":[{"embeddable":true,"href":"https:\/\/www.borchardconsult.com\/index.php?rest_route=\/wp\/v2\/users\/1"}],"replies":[{"embeddable":true,"href":"https:\/\/www.borchardconsult.com\/index.php?rest_route=%2Fwp%2Fv2%2Fcomments&post=182"}],"version-history":[{"count":7,"href":"https:\/\/www.borchardconsult.com\/index.php?rest_route=\/wp\/v2\/pages\/182\/revisions"}],"predecessor-version":[{"id":397,"href":"https:\/\/www.borchardconsult.com\/index.php?rest_route=\/wp\/v2\/pages\/182\/revisions\/397"}],"up":[{"embeddable":true,"href":"https:\/\/www.borchardconsult.com\/index.php?rest_route=\/wp\/v2\/pages\/9"}],"wp:attachment":[{"href":"https:\/\/www.borchardconsult.com\/index.php?rest_route=%2Fwp%2Fv2%2Fmedia&parent=182"}],"curies":[{"name":"wp","href":"https:\/\/api.w.org\/{rel}","templated":true}]}}